ase 15) to base 4.
-223
-100010 (base 2) to base 3
-1021
Convert -11e (base 15) to base 2.
-11111110
What is -13 (base 4) in base 10?
-7
What is 1043 (base 5) in base 10?
148
Convert -1100011 (base 2) to base 8.
-143
-221 (base 4) to base 5
-131
Convert -1 (base 4) to base 9.
-1
Convert 1 (base 11) to base 4.
1
What is -113 (base 5) in base 8?
-41
What is 20 (base 5) in base 16?
a
What is -153 (base 13) in base 6?
-1033
What is -17 (base 14) in base 2?
-10101
-4 (base 16) to base 3
-11
What is 0 (base 16) in base 13?
0
Convert -3 (base 4) to base 13.
-3
What is -74 (base 8) in base 15?
-40
Convert -230 (base 4) to base 9.
-48
7 (base 10) to base 6
11
Convert -2 (base 3) to base 5.
-2
1103 (base 5) to base 3
12200
What is -78 (base 13) in base 3?
-10200
Convert 202 (base 6) to base 8.
112
29 (base 10) to base 3
1002
111 (base 4) to base 7
30
Convert -22 (base 3) to base 11.
-8
What is 115 (base 6) in base 10?
47
What is 13 (base 14) in base 9?
18
What is 13 (base 8) in base 4?
23
What is 51 (base 14) in base 12?
5b
35 (base 11) to base 7
53
What is 2 (base 13) in base 6?
2
-5 (base 7) to base 11
-5
-29 (base 11) to base 3
-1011
-26 (base 9) to base 5
-44
Convert -2 (base 11) to base 3.
-2
Convert -3 (base 10) to base 12.
-3
-2 (base 10) to base 16
-2
Convert -e7 (base 16) to base 13.
-14a
-3 (base 4) to base 12
-3
1024 (base 6) to base 3
22121
Convert -300 (base 9) to base 7.
-465
Convert -19 (base 10) to base 3.
-201
What is 6 (base 11) in base 2?
110
What is -48 (base 12) in base 10?
-56
121 (base 3) to base 16
10
Convert -2 (base 3) to base 12.
-2
Convert -15 (base 9) to base 14.
-10
Convert -1c (base 13) to base 12.
-21
What is -1 (base 9) in base 15?
-1
What is 1 (base 14) in base 11?
1
Convert 73 (base 12) to base 6.
223
2 (base 9) to base 2
10
Convert 74 (base 9) to base 10.
67
-2c (base 15) to base 5
-132
Convert -107 (base 14) to base 15.
-d8
105 (base 7) to base 12
46
15 (base 12) to base 4
101
What is 220 (base 3) in base 10?
24
What is -22 (base 5) in base 9?
-13
What is 1 (base 7) in base 14?
1
What is -1 (base 13) in base 12?
-1
What is -110 (base 2) in base 15?
-6
What is 90 (base 16) in base 9?
170
2d (base 14) to base 9
45
What is -3 (base 7) in base 10?
-3
-3 (base 6) to base 4
-3
What is 0 (base 7) in base 11?
0
Convert -11 (base 6) to base 5.
-12
-75 (base 12) to base 7
-155
What is 260 (base 7) in base 14?
a0
Convert -2c (base 13) to base 4.
-212
What is -103 (base 4) in base 15?
-14
What is 4 (base 11) in base 8?
4
-103 (base 5) to base 3
-1001
1031 (base 4) to base 7
140
What is 1110 (base 4) in base 3?
10010
-4c (base 16) to base 10
-76
9 (base 12) to base 6
13
Convert -103 (base 4) to base 13.
-16
22 (base 5) to base 3
110
1 (base 9) to base 6
1
Convert 3 (base 7) to base 5.
3
Convert -1001 (base 3) to base 6.
-44
What is -1011 (base 3) in base 15?
-21
2 (base 6) to base 4
2
Convert -15 (base 14) to base 13.
-16
What is 1d (base 15) in base 5?
103
What is -2 (base 9) in base 16?
-2
-1 (base 15) to base 12
-1
What is -1 (base 14) in base 12?
-1
Convert -11002 (base 3) to base 9.
-132
-c (base 13) to base 6
-20
Convert -1a (base 12) to base 7.
-31
-1 (base 8) to base 16
-1
Convert a (base 16) to base 15.
a
Convert -8 (base 13) to base 14.
-8
-d3 (base 16) to base 12
-157
What is 2 (base 7) in base 12?
2
What is 4 (base 8) in base 13?
4
What is -6 (base 12) in base 3?
-20
What is -6 (base 10) in base 4?
-12
Convert 5 (base 16) to base 15.
5
Convert -23 (base 9) to base 13.
-18
Convert 2 (base 4) to base 7.
2
What is 22 (base 12) in base 11?
24
What is -1120 (base 3) in base 9?
-46
-8 (base 9) to base 16
-8
-333 (base 4) to base 3
-2100
127 (base 8) to base 6
223
What is 20202 (base 3) in base 10?
182
10111 (base 2) to base 13
1a
What is -4b (base 12) in base 6?
-135
What is 13 (base 7) in base 13?
a
What is 10000 (base 2) in base 14?
12
3 (base 11) to base 4
3
0 (base 12) to base 9
0
4d (base 14) to base 13
54
Convert -2e (base 15) to base 5.
-134
Convert -9 (base 15) to base 10.
-9
Convert 2 (base 14) to base 8.
2
What is -17 (base 9) in base 13?
-13
Convert -12 (base 15) to base 14.
-13
21 (base 12) to base 4
121
Convert 7 (base 9) to base 13.
7
What is 205 (base 11) in base 10?
247
What is -7 (base 16) in base 2?
-111
Convert -c (base 15) to base 4.
-30
What is -1 (base 13) in base 16?
-1
2 (base 4) to base 13
2
Convert 13 (base 9) to base 10.
12
Convert -30 (base 9) to base 7.
-36
Convert 1203 (base 4) to base 15.
69
What is 15 (base 15) in base 6?
32
0 (base 15) to base 6
0
110 (base 3) to base 11
11
-2 (base 15) to base 11
-2
-22 (base 6) to base 10
-14
Convert -3 (base 6) to base 15.
-3
2 (base 8) to base 9
2
2 (base 4) to base 12
2
Convert -101 (base 2) to base 15.
-5
What is -10 (base 7) in base 9?
-7
Convert -45 (base 15) to base 5.
-230
Convert -56 (base 9) to base 5.
-201
What is 1 (base 2) in base 10?
1
What is -200 (base 4) in base 8?
-40
92 (base 11) to base 10
101
Convert -3 (base 14) to base 2.
-11
What is -60 (base 10) in base 14?
-44
Convert -29 (base 10) to base 16.
-1d
What is 3 (base 8) in base 7?
3
Convert 4 (base 13) to base 15.
4
What is 10 (base 10) in base 5?
20
1111 (base 2) to base 14
11
What is 12 (base 3) in base 16?
5
ac (base 14) to base 3
12122
Convert 1 (base 15) to base 4.
1
What is -11011 (base 3) in base 7?
-220
-da (base 15) to base 10
-205
Convert -53 (base 16) to base 7.
-146
What is 2 (base 10) in base 9?
2
40 (base 6) to base 8
30
Convert -1 (base 7) to base 14.
-1
What is 1 (base 16) in base 13?
1
Convert 0 (base 2) to base 13.
0
What is -56 (base 9) in base 16?
-33
What is -2022 (base 3) in base 14?
-46
Convert 0 (base 10) to base 13.
0
What is 4 (base 12) in base 10?
4
3 (base 5) to base 2
11
b (base 12) to base 11
10
Convert 30 (base 7) to base 11.
1a
What is 11 (base 9) in base 4?
22
Convert -12 (base 6) to base 5.
-13
Convert -1 (base 4) to base 3.
-1
What is 1 (base 5) in base 4?
1
Convert -2 (base 15) to base 8.
-2
0 (base 11) to base 7
0
-2 (base 10) to base 16
-2
Convert 277 (base 10) to base 14.
15b
What is -46 (base 8) in base 3?
-1102
371 (base 8) to base 16
f9
Convert 10 (base 9) to base 8.
11
What is -2 (base 5) in base 13?
-2
Convert -1 (base 5) to base 10.
-1
-3 (base 15) to base 11
-3
What is 11 (base 16) in base 11?
16
Convert 11 (base 5) to base 15.
6
Convert -12 (base 16) to base 13.
-15
-14 (base 14) to base 3
-200
What is 63 (base 8) in base 7?
102
-3 (base 12) to base 7
-3
What is 10 (base 2) in base 10?
2
Convert 264 (base 12) to base 13.
220
-c (base 14) to base 3
-110
What is 11 (base 16) in base 5?
32
-57 (base 9) to base 10
-52
Convert 7b (base 14) to base 2.
1101101
What is 2 (base 6) in base 5?
2
-142 (base 5) to base 4
-233
Convert -123 (base 5) to base 8.
-46
What is ad (base 16) in base 10?
173
-1 (base 4) to base 16
-1
Convert -147 (base 9) to base 8.
-174
What is -6 (base 8) in base 3?
-20
What is -28 (base 13) in base 8?
-42
Convert -4 (base 13) to base 15.
-4
What is 101 (base 7) in base 10?
50
Convert -1010 (base 2) to base 6.
-14
What is 42 (base 8) in base 10?
34
What is -44 (base 11) in base 5?
-143
122 (base 5) to base 12
31
What is 54 (base 11) in base 4?
323
-2 (base 10) to base 2
-10
What is -33 (base 9) in base 3?
-1010
Convert 21 (base 3) to base 15.
7
-13 (base 4) to base 14
-7
3 (base 11) to base 8
3
What is 1 (base 8) in base 6?
1
3 (base 5) to base 8
3
What is 3 (base 9) in base 7?
3
Convert 122 (base 12) to base 9.
208
23 (base 13) to base 8
35
4 (base 13) to base 2
100
Convert 2 (base 6) to base 4.
2
-4 (base 11) to base 5
-4
Convert -18a (base 11) to base 15.
-e9
100101 (base 2) to base 4
211
What is 10 (base 5) in base 9?
5
Convert -3 (base 5) to base 13.
-3
4 (base 16) to base 12
4
110 (base 3) to base 5
22
What is 0 (base 13) in base 15?
0
-5 (base 16) to base 4
-11
1010 (base 2) to base 13
a
What is 4 (base 13) in base 4?
10
Convert 1112 (base 3) to base 8.
51
Convert 7 (base 11) to base 8.
7
What is 18 (base 11) in base 6?
31
Convert 3 (base 4) to base 9.
3
What is 2 (base 4) in base 12?
2
What is 241 (base 5) in base 16?
47
Convert 0 (base 10) to base 13.
0
5 (base 6) to base 7
5
Convert -100 (base 2) to base 16.
-4
Convert -5d (base 14) to base 12.
-6b
Convert 10 (base 5) to base 16.
5
Convert -7 (base 8) to base 1